4, 0 = -w - 3*o + 11. Determine x(w).
9
Suppose -6 = 3*a - 3*p, -5*p + 3 = 4*a - 2*a. Let k(i) = -14*i**3 + 2*i**2 - 1. Determine k(a).
15
Suppose -30 = -23*l - 145. Suppose -3*h - 3 - 17 = -4*z, 5*z - 4*h - 26 = 0. Let f(d) = 5*d**2 + 4*d**3 + z*d**3 - 5*d**3. Calculate f(l).
0
Let k(u) = -4*u + 8*u**2 + 24*u**2 - 23*u**2 + 3. What is k(1)?
8
Let v(h) = 24*h**3 - 7*h**2 + 9*h + 16. Let b(q) = 13*q**3 - 3*q**2 + 4*q + 8. Let t(g) = -11*b(g) + 6*v(g). Give t(8).
24
Let b(x) = -x**2 - 2. Let o(l) = l**3 + 10*l**2. Let c be o(-10). Let n be b(c). Let j(k) = -7 + 1 - 3*k + 3. Determine j(n).
3
Let r(a) = -2*a**2 - 13*a - 13. Let y(s) = 5*s + 2. Let o(j) = -r(j) - 4*y(j). Calculate o(7).
54
Let r(s) = -1 + 2*s + 42*s**2 - 41*s**2 + 0*s. Let q(v) = -2 + v + 7 + 1. Let m be q(-5). Calculate r(m).
2
Let o(u) = u - 3*u + 0*u + 0*u. Give o(1).
-2
Let f(q) = -6*q**2 - q - 1. Suppose -5*s + 970 - 980 = 0. Determine f(s).
-23
Let f(m) = 23*m - 17. Let t(c) = 44*c - 31. Let w(v) = 11*f(v) - 6*t(v). Calculate w(-1).
10
Let n = -87 + 175/2. Let v(x) be the third derivative of 1/8*x**4 + 0 + 8*x**2 - n*x**3 + 0*x. Calculate v(4).
9
Let o(x) = 4*x - 8. Let f(r) = 2*r - 4. Let a(g) = -7*f(g) + 4*o(g). Let i(s) = -6*s - 1. Let m be i(-1). What is a(m)?
6
Let c(j) = -j**3 - 3*j**2 + 4*j + 5. Let d be 2*(-2)/6*-6. Let h(g) = 3 - 13 - g + 6*g**2 + 3*g**3 - d*g**3 + 2*g. Let f be h(6). Determine c(f).
5
Let c(h) = h**2 - 32*h + 256. Let u be c(14). Let t(y) = -y + 10. Give t(u).
6
Let g(m) = 7*m**3 + 2*m - 2. Let v(f) = -f**3 - 5*f**2 + 15*f + 8. Let o be v(-7). What is g(o)?
7
Let n(p) be the third derivative of p**6/120 - p**5/20 - p**4/6 + p**3/2 + 4*p**2 - 2. Let h(k) = 3*k**2 + 2*k + 1. Let c be h(-1). What is n(c)?
-9
Let a(s) = -2*s**2 - 27*s + 10*s + 14*s + 11*s + s**2 - 4. Let b(x) = -x**3 + 5*x**2 + 3*x - 7. Let w be b(5). Give a(w).
-4
Let d(q) be the third derivative of -q**9/60480 - q**8/4032 + q**7/840 + q**6/80 - q**5/30 - q**2. Let f(h) be the third derivative of d(h). What is f(-6)?
9
Let x(g) be the second derivative of -g**6/720 + g**5/30 - 11*g**4/12 + 3*g. Let i(v) be the third derivative of x(v). Determine i(7).
-3
Let b(t) be the third derivative of t**6/120 + t**5/5 + t**4/24 + 11*t**3/6 + 4*t**2 - 14. What is b(-12)?
-1
Let q(n) = -24*n - 10. Let k(o) = 19*o + 10. Let i(h) = 5*k(h) + 4*q(h). Determine i(5).
5
Let f(d) be the first derivative of -d**2 - 103. Determine f(-5).
10
Let g(s) = 31*s - 63*s + 11*s**2 + 6 - s**3 + 41*s. Determine g(12).
-30
Let s(h) be the second derivative of -h**4/12 - 5*h**3/6 + 7*h**2/2 - 416*h. Give s(-5).
7
Suppose 0 = -27*u + 24*u + 9. Let k(y) = y**2 - 3*y + 1. Determine k(u).
1
Let s be ((-155)/155)/((-2)/(-10)). Let p(n) = -n**3 - 4*n**2 - n - 28. Calculate p(s).
2
Let o(a) be the second derivative of -1/3*a**3 - 8*a - a**2 + 0. What is o(-4)?
6
Let k(x) be the third derivative of -x**5/60 + x**4/12 - x**3/3 - 6*x**2. Let l(h) = -3*h + 3. Let v(z) = -9*k(z) - 6*l(z). What is v(1)?
9
Let g(o) = -36*o - 22. Let b(k) = -13*k - 8. Let p(u) = -11*b(u) + 4*g(u). Calculate p(3).
-3
Let a(z) = 16*z**3 + 5*z**2 - 11*z + 21. Let v(u) = -3*u**3 - u**2 + 2*u - 4. Let t(c) = 2*a(c) + 11*v(c). Give t(-2).
2
Let k(o) = -o**2 + 2*o - 1. Let m be (40/(-12))/(4/18). Let y be (-3 - m)/4 - 1. Suppose 2*a = q + 1, -4*q - y*a - a + 7 = 0. What is k(q)?
0
Suppose 0 = -w - 4*y - 2, -2*w - 4*y = 3*w - 6. Let p(g) = -3 - 1 + g**2 - 6*g - w. What is p(7)?
1
Let k(g) = g**2 + 4*g + 2. Suppose -v - 3*w + 19 = 1, -v + 3*w = 12. Suppose 2*r + r - 30 = -3*y, 3*r - 42 = -5*y. Let n = v - y. Give k(n).
-1
Suppose 28*x = 11*x - 51. Let v(m) = -m**2 + 2. What is v(x)?
-7
Let k = 13 + -11. Let b = k - 2. Let t(o) = 2*o + 5 - 8*o + o**2 - 2 + b*o**2. Calculate t(6).
3
Let l(s) = s**3 - 14*s**2 + s - 6. Let z be l(14). Let p(w) be the first derivative of w**4/4 - 7*w**3/3 - 4*w**2 + 5*w - 6. What is p(z)?
5
Let l(d) = -14*d**2 + 15*d - 21. Let w(x) = -12*x**2 + 14*x - 19. Let a(b) = -5*l(b) + 6*w(b). What is a(6)?
-27
Let d(j) be the first derivative of -2*j**2 + 63*j + 143. Calculate d(19).
-13
Let q(n) = -n**3 - n**2 + n + 4. Let i be q(0). Suppose 0 = -5*g - 5, -i*g - 7 = 2*p + 9. Let u(v) = -4*v**2 + 3*v**2 + 2*v**2 + 1 + 6*v. Calculate u(p).
1
Let i(u) = -u**3 + 11*u**2 - 6*u + 5. Let o be (15 - -5)*(-1)/(-2). Give i(o).
45
Let g(p) = 2*p**2 + 20*p - 5. Suppose 5*m + 56 = -2*y, 5*y + 4 = -4*m - 51. Let q be g(m). Let z(t) = -t**3 - 6*t**2 - 4*t + 2. What is z(q)?
-3
Let u(o) = -o. Let n(y) = -16*y. Let d(l) = n(l) + 4*u(l). Calculate d(1).
-20
Let d(o) = -o**2 - 29*o - 52. Let n be d(-27). Let b(q) = -2*q + 2 - 100*q**3 - 2*q**n + 53*q**3 + 48*q**3. Give b(3).
5
Let v(p) = p**3 + 14*p**2 + 11*p - 22. Suppose -w = -2*w - 13. Let z be v(w). Let b be z*(60/(-8))/5. Let y(c) = -c**2 - 5*c - 8. Determine y(b).
-14
Let r(z) = -z + 9. Let q be r(6). Let h = 3 - q. Suppose -2*p - p + 9 = h. Let j(s) = s - 3. Determine j(p).
0
Let t(j) be the second derivative of -j**4/12 - 9*j**2 + 18*j. Give t(0).
-18
Let x(i) be the third derivative of -i**9/60480 + i**8/20160 + i**7/2520 + i**6/720 + 2*i**5/5 + 37*i**2. Let k(p) be the third derivative of x(p). Give k(2).
1
Suppose 16 = 2*v + 6*v. Let p(d) be the first derivative of 2*d**2 - 5*d - 2. Let u be p(v). Let g(j) = j**2 - 2*j. Determine g(u).
3
Let b(n) = -3*n. Let d(a) = -5*a + 2. Let q(r) = 2*b(r) - d(r). Suppose 5*w = 20, -5*j + 3*w + 1 = -2. What is q(j)?
-5
Let s(d) = d - 19 + 0*d + 7 + 13. Suppose -5*h + 4*h = -4*t, 0 = 4*h - 4*t + 12. Give s(h).
-3
Let m(i) = i**3 + 3*i**2 - 3*i - 5. Let d be m(-3). Let q(v) = -v + v**3 + d*v - 2 + 66*v**2 - 71*v**2 + 0*v. Determine q(4).
-6
Let x(f) = -f**2 - f - 2. Let a(r) = 4*r**2 - r - 5. Let n(s) = a(s) - 2*x(s). Give n(1).
6
Let m(g) = -3*g - 1. Suppose -2*i - 2 = 2*q, -i = -5*q - 15 + 4. Calculate m(i).
-4
Let n(s) = 4*s**2 + 21*s - 26*s - 3*s**2 + 17*s + 3*s - 8. Determine n(-14).
-22
Let m(q) = -q + 0*q - 10 + 2*q. Let t be (-42 + 41)/(2/(-10)). What is m(t)?
-5
Let m(k) = 1076 - k - 2184 + 1109. Suppose h - 11 = 3*s, 2*h - 5*s = -10*s - 11. Give m(h).
-1
Let t be (2 - 6*4/(-8)) + -4. Let n(u) = -19*u**3. Determine n(t).
-19
Let y be 132/18 + -8 - 6/(-9). Let x(n) = n**2 + n - 11. Determine x(y).
-11
Let h(q) = -14*q**2 + 7*q - 15. Let t(i) = 5*i**2 - 2*i + 5. Let w(f) = -6*h(f) - 17*t(f). What is w(-10)?
-15
Suppose -a - s = 2, 3*a = -0*a - s - 6. Let v = a - 7. Let x = -3 - v. Let r(n) = -n - 6. Determine r(x).
-12
Let f(k) = -6*k + 3. Let g(q) = q**2 + 4*q - 9. Let w be g(-6). Let z be w + (0 - -1) + -1. Determine f(z).
-15
Let o(a) = -8 + 2 + 36*a**2 - a - 35*a**2 - 4 + 5. Calculate o(6).
25
Let r(i) = 349*i - 5 + 9 - 350*i. Suppose 5*v + 4*o = 51, 3*o = v - 6*v + 47. Determine r(v).
-3
Let p(l) = 13*l**2 + 2*l - 3. Let f(b) = -16*b**2 - b + 4. Let o(h) = 4*f(h) + 5*p(h). What is o(-5)?
-4
Suppose 2*a - 4*z = -45 + 17, z = -5*a - 15. Let b(g) be the third derivative of -g**4/12 - g**3/6 + 2*g**2. Determine b(a).
7
Suppose -1 = f + j + 1, 5*f - 3*j = 30. Let a(i) = -i**3 + i**2 + 2. Let h(o) = -4*o**3 + 6*o**2 - 2*o + 6. Let w(s) = -3*a(s) + h(s). Calculate w(f).
-6
Let x = -14 + 25. Suppose -5*s + 9 = -x. Let c(b) = 6*b**2 - s*b + 3 - b**2 - b**2 - 2*b**2. Calculate c(2).
3
Let i be 4*(-7)/182 - (-474)/39. Suppose -5*n - 3 + 23 = 0. Let l(h) = i*h + 5 - n - 13*h + 4. Give l(4).
1
Let f(p) = -p - 4. Let m(h) = 2*h + 9. Suppose 1 = 2*l - 9. Let u(o) = l*f(o) + 2*m(o). Determine u(0).
-2
Let i(x) = x + 2*x - x**2 + 4 - 2*x**2. Let k(d) = -d**2 - 24*d - 60. Suppose -69 = 4*n - 3*y, 3*n - 6*n + y = 58. Let j be k(n). What is i(j)?
-14
Suppose 5*i - 35 = -15. Let q(a) = 4*a**2 - 6*a. Let o(k) = -5*k**2 + 7*k - 1. Suppose 82 = -5*w + 97. Let m(c) = i*q(c) + w*o(c). What is m(3)?
-3
Let y(f) = 2*f - 9. Let n be y(6). Let z(i) be the third derivative of i**6/120 - i**5/30 - i**4/8 + 2*i**3/3 - 3*i**2. Give z(n).
4
Let o(c) = c - 3*c + c. Let i = -34 - -38. Suppose 4*k + i*l = 0, 5*l + 10 = 2*k + 2*l. What is o(k)?
-2
Let y(o) = -5*o**2 - 3 + 5*o - 5*o**2 - o**2 - 14*o + 10*o**2. Give y(-10).
-13
Let u(s) = -255 - 8*s + 20*s + 252. Determine u(1).
9
Let u(x) = -2 - 3*x - 2 + 7 + 0*x. Let t be u(0). Let y(h) = h**2 - 2*h + 2. Determine y(t).
5
Let s(y) =